179).
-4
Let g(a) = -a**2 - 1522*a + 106432. What is g(67)?
-31
Let z(k) = -14157*k + 353929. Calculate z(25).
4
Let t(f) = 86287*f - 345142. Give t(4).
6
Let o(c) = 10*c**2 + 757*c - 1076. Give o(-77).
-75
Let s(x) = 91*x**2 - 955*x + 2238. Determine s(7).
12
Let f(u) = -3433*u + 353628. Calculate f(103).
29
Let f(s) = -s**3 + 10*s**2 + 77*s - 632. What is f(8)?
112
Let n(f) = 19*f**3 + 56*f**2 - 276*f - 840. Give n(-3).
-21
Let b(d) = d**3 - 46*d**2 + 767*d - 32490. Determine b(45).
0
Let u(g) = 70617*g + 1482972. What is u(-21)?
15
Let s(x) = -442*x - 6797. What is s(-15)?
-167
Let x(k) = 961*k**2 + 57657*k + 56. What is x(-60)?
236
Let u(i) = 28*i**2 + 347*i - 5301. Give u(9).
90
Let i(o) = 3*o**2 - 22105*o - 2855713. What is i(-127)?
9
Let m(y) = 4*y**2 + 13*y - 204. What is m(10)?
326
Let c(y) = -2185*y + 17461. Determine c(8).
-19
Let a(z) = -2*z**2 + 2136*z + 27807. Determine a(-13).
-299
Let t(q) = -6*q**3 + 162*q**2 + 31318*q + 179. Calculate t(87).
5
Let k(g) = g**3 + 71*g**2 + 46*g - 546. Calculate k(-70).
1134
Let z(c) = -3272*c + 22973. What is z(7)?
69
Let z(m) = m**2 - 64*m - 442. What is z(73)?
215
Let w(f) = 22*f**2 - 350*f + 63. Calculate w(5).
-1137
Let v(z) = -2*z**3 - 7*z**2 + 2426*z - 4788. Calculate v(2).
20
Let f(h) = -h**2 - 1274*h - 15235. Determine f(-12).
-91
Let f(c) = -c**3 + 7*c**2 - 884*c - 2705. Calculate f(-3).
37
Let y(j) = -j**2 + 233*j - 5000. What is y(24)?
16
Let f(y) = -16*y**2 + 2207*y + 2503. Determine f(139).
140
Let o(w) = w**3 + 270*w**2 - 10918*w + 30029. Calculate o(-306).
41
Let i(h) = 13*h**3 + 1875*h**2 + 429*h - 42. Give i(-144).
390
Let h(a) = a**3 - 562*a**2 + 11367*a - 3255. Calculate h(541).
-9
Let v(q) = 382*q + 48866. Calculate v(-128).
-30
Let s(m) = 2*m**3 + 14*m**2 - 277*m - 85. Determine s(9).
14
Let m(z) = -z**3 - 332*z**2 - 9876*z - 2661. Determine m(-299).
30
Let u(t) = 10*t**3 - 89*t**2 + 71*t + 5. Give u(8).
-3
Let c(v) = 2*v**3 - 92*v**2 - 2420*v - 3247. What is c(65)?
3
Let l(x) = 78*x**2 + 6589*x - 11. Calculate l(-85).
3474
Let w(b) = -b**3 + 677*b**2 - 24295*b + 8281. Give w(639).
-26
Let y(b) = -b**2 - 5*b + 50. Calculate y(-10).
0
Let c(i) = -23861*i + 238608. Calculate c(10).
-2
Let v(c) = c**3 - 6*c**2 - 168*c - 98. What is v(-10)?
-18
Let g(j) = 46*j**2 - 37764*j + 73703. Determine g(819).
-7
Let j(z) = 299217*z + 299236. Determine j(-1).
19
Let l(j) = 1353*j - 43275. Give l(32).
21
Let n(g) = -962*g - 6569. Calculate n(-8).
1127
Let o(s) = -95011*s + 950114. Give o(10).
4
Let q(j) = 245*j**3 + j**2 + 1427*j + 1427. Give q(-1).
-244
Let t(u) = -9*u**3 + u**2 + 205*u + 203. Determine t(-1).
8
Let s(v) = 6*v**3 - 82*v**2 - 28*v + 1. Give s(14).
1
Let r(i) = 10*i**3 - 76*i**2 + 98*i - 9. Calculate r(5).
-169
Let k(m) = 14*m**2 + 285*m - 411. Give k(-21).
-222
Let n(s) = s**3 - 223*s**2 - 175*s - 10350. What is n(224)?
626
Let y(c) = 1374*c - 5002. Give y(4).
494
Let l(z) = -1080*z + 155541. Give l(144).
21
Let f(c) = 2*c**3 - 25*c**2 + 67*c - 45. Determine f(6).
-111
Let f(t) = 11*t**2 + 281*t + 2267. What is f(-13)?
473
Let d(f) = -f**2 - 498*f - 12740. Give d(-27).
-23
Let o(s) = -s**3 + 12*s**2 + 28*s - 791. Determine o(16).
-1367
Let c(m) = -10751*m + 87882. What is c(8)?
1874
Let m(p) = 37037*p + 6592589. Calculate m(-178).
3
Let y(d) = 140*d**3 + 2*d**2 - 62*d + 64. Calculate y(1).
144
Let o(m) = 3*m**2 - 34*m - 1774. Calculate o(31).
55
Let i(x) = -335*x + 7302. Determine i(20).
602
Let r(x) = 12331*x - 61650. What is r(5)?
5
Let f(o) = 2*o**3 + 34*o**2 - 12*o - 198. Determine f(-18).
-630
Let h(c) = 5*c**3 + 15*c**2 + 72*c - 44. Determine h(-5).
-654
Let t(g) = -6315*g - 36807. What is t(-6)?
1083
Let h(d) = d**2 + 6115*d - 36733. Determine h(6).
-7
Let w(p) = p**2 - 50*p + 1598. Give w(87).
4817
Let o(w) = -w**3 + 604*w**2 - 34628*w + 4355. Calculate o(64).
3
Let n(g) = -809*g - 365658. Give n(-452).
10
Let r(x) = 3271*x + 134038. What is r(-41)?
-73
Let i(u) = 628*u - 153530. Determine i(244).
-298
Let s(i) = 4*i**3 - 787*i**2 + 2127*i + 1370. Calculate s(194).
12
Let b(y) = 93*y + 11435. Determine b(-107).
1484
Let k(v) = 14*v**2 + 870*v - 6462. What is k(-69)?
162
Let u(m) = 3342*m + 41296. Determine u(-13).
-2150
Let f(n) = n**3 + 65*n**2 + 672*n + 10. Calculate f(-51).
2152
Let a(c) = -9171*c - 137559. Give a(-15).
6
Let q(p) = 2459*p - 9865. Calculate q(4).
-29
Let b(j) = -30*j**3 + 3541*j**2 - 127*j - 189. Calculate b(118).
-1251
Let l(i) = 1683*i + 12048. Determine l(-7).
267
Let o(t) = -98*t**2 - 7*t + 89. What is o(5)?
-2396
Let s(o) = 6*o**2 + 92*o + 61. Determine s(-16).
125
Let x(s) = -s**3 + 27*s**2 + 118*s - 5316. Calculate x(24).
-756
Let r(c) = 20*c**3 - 2619*c**2 - 71*c - 7704. Determine r(131).
156
Let x(r) = -118*r**2 + 2244*r - 40. Give x(19).
-2
Let w(t) = 2*t**3 - 816*t**2 - 10079*t + 24. Calculate w(-12).
12
Let z(x) = 3*x**2 - 145*x - 1259. Give z(-9).
289
Let i(a) = -a**3 + 150*a**2 + 140*a + 879. Determine i(151).
-782
Let s(c) = -11121*c**2 + 88933*c + 262. Calculate s(8).
-18
Let a(k) = 5*k**3 + 31*k**2 + 71*k - 56. What is a(-10)?
-2666
Let i(z) = 560*z - 26311. Determine i(47).
9
Let h(u) = u**3 + 404*u**2 + 38*u + 15666. Give h(-404).
314
Let x(o) = -34*o**3 - 893*o**2 - 236*o - 84. What is x(-26)?
-32
Let t(g) = -96*g - 27012. Give t(-283).
156
Let w(y) = -4846*y + 402217. Determine w(83).
-1
Let l(u) = 7*u**2 - 393*u + 31. What is l(59)?
1211
Let q(f) = -9*f**3 - 3223*f**2 - 360*f - 1046. Calculate q(-358).
-330
Let b(c) = -4*c**2 + 2985*c + 80221. Calculate b(-26).
-93
Let d(i) = i**2 - 27019*i + 2101404. Calculate d(78).
6
Let v(x) = x**3 - 98*x**2 + 303*x + 14926. Calculate v(93).
-140
Let p(q) = -71*q**2 + 4112*q - 16424. Calculate p(4).
-1112
Let v(c) = -4764*c + 4240010. Give v(890).
50
Let m(z) = -5*z**2 - 335*z - 990. What is m(-3)?
-30
Let v(m) = -5*m**2 - 390*m - 2832. Calculate v(-70).
-32
Let y(x) = x**2 - 88860*x + 177719. What is y(2)?
3
Let z(b) = b**3 - 28*b**2 + 88*b + 57. Determine z(25).
382
Let r(j) = -33*j**3 + 5387*j**2 - 1311*j + 1146. Determine r(163).
5
Let x(s) = -5745*s - 6872. Determine x(-2).
4618
Let s(g) = 53*g**2 + 33659*g + 2274. Give s(-635).
-266
Let h(u) = -16608*u - 23633185. Give h(-1423).
-1
Let s(q) = 22*q + 2936. What is s(-132)?
32
Let i(v) = -7*v**3 + 13*v**2 - 47*v + 90. Determine i(2).
-8
Let g(c) = 8719*c - 52331. Determine g(6).
-17
Let p(n) = -42*n**2 - 2865*n - 28749. What is p(-10)?
-4299
Let q(u) = -127*u - 7898. Determine q(-60).
-278
Let b(n) = -284*n - 62060. Give b(-219).
136
Let w(g) = g**3 - 2277*g**2 - 125879*g + 11655. Determine w(2331).
0
Let g(v) = v**3 - 66*v**2 - 277*v + 22241. Give g(65).
11
Let y(a) = -2653*a - 39660. What is y(-15)?
135
Let x(k) = -50381*k - 654959. Determine x(-13).
-6
Let w(y) = -10*y**3 + 64*y**2 - 65*y - 26. What is w(5)?
-1
Let p(n) = -4*n**2 + 11472*n - 6375830. Give p(2114).
-6
Let x(q) = q**3 + 40*q**2 + 16*q + 2140. Calculate x(-41).
-197
Let x(l) = -l**3 + 10*l**2 - 716*l + 15483. Give x(18).
3
Let y(b) = 316*b + 30017. What is y(-93)?
629
Let x(z) = -2*z**2 + 932*z - 42156. Calculate x(51).
174
Let l(k) = -2*k**3 - 22*k**2 - k - 130. What is l(-12)?
170
Let v(a) = -11040*a + 143549. Calculate v(13).
29
Let y(n) = -2*n**2 + 1371*n + 47474. Determine y(-33).
53
Let h(f) = 2942*f + 19996. Calculate h(-7).
-598
Let f(r) = -3*r**2 - 252*r + 256. What is f(-87)?
-527
Let h(t) = 203*t + 38670. Give h(-198).
-1524
Let h(w) = -12*w**3 + 15*w**2 + 86*w - 37. Determine h(6).
-1573
Let q(p) = -p**2 - 486*p - 944. Calculate q(-2).
24
Let q(w) = -992*w**3 + 5*w**2 + w + 1. Give q(1).
-985
Let l(s) = s**3 + 58*s**2 - 838*s + 176. Determine l(12).
200
Let u(n) = -37*n - 1887. Determine u(-39).
-444
Let t(g) = 17*g**3 + 16*g**2 + 76*g + 111. What is t(-3)?
-432
Let a(n) = 21*n**2 - 48*n - 410. Calculate a(-8).
1318
Let y(i) = 118*i**2 - 63583*i - 10228. What is y(539)?
13
Let g(u) = 115*u - 25826. What is g(240)?
1774
Let j(z) = 3*z**3 - 70*z**2 + 96*z - 477. Give j(24).
2979
Let w(o) = 2*o**3 + 36*o**2 + 90*o + 113. Give w(-16).
-303
Let i(n) = 65*n**3 + 1041*n**2 - 32*n - 25. Give i(-16).
743
Let p(q) = 10*q**3 - 260*q**2 - 1189*q - 325. What is p(30)?
5
Let v(b) = -75476*b - 981182. Calculate v(-13).
6
Let m(f) = -2*f**3 - 96*f**2 + 4*f + 338. G